**3 - x**2 + 1. Calculate the remainder when 34 is divided by t(-1).
8
Suppose -u = -s + 7, u = 5*u + 3*s + 49. Let o(n) = n**2 + 9*n + 6. Let b = -72 + 134. What is the remainder when b is divided by o(u)?
14
Suppose 0 = 3*v + 12, -v + 868 = -30*n + 34*n. What is the remainder when n is divided by 20?
18
Suppose -8*a + 177 - 57 = 0. Let u(g) = 2*g**2 - 24*g - 28. Calculate the remainder when u(a) is divided by 16.
14
Let c = -76 - -79. Suppose -c*f - 48 = -11*f. What is the remainder when 41 is divided by f?
5
Let l be (-6 - -7) + 1*215. Let g = l + -139. Let k = -43 + 63. What is the remainder when g is divided by k?
17
Let y be (2 - -2 - 2)/(4/146). Let g = 97 - y. What is the remainder when 94 is divided by g?
22
Calculate the remainder when 268 is divided by 64/224 - 292/(-7).
16
Suppose 4*r + 7*i = 5*i + 30, -5*i + 9 = -r. Suppose 2*h - 5*j = -9, -9 + 21 = -5*h + 2*j. What is the remainder when ((-321)/r)/(h/4) is divided by 27?
26
Suppose -3*k = i - 10, -i - 4*k = 4*i - 83. Let g be ((-3)/12)/(6/(-264)). Let u(d) = -d + 19. Calculate the remainder when i is divided by u(g).
3
Suppose 15 = -t + 37. Let i be (3/(-2))/((-11)/t). Suppose 2 - 1 = -2*c - n, -i*n = -5*c + 14. Calculate the remainder when 2 is divided by c.
0
Let w = -17 + 31. Let t = -6 + w. What is the remainder when (-45 - -25)*-2*4/16 is divided by t?
2
Let r(p) be the second derivative of p**5/20 + p**4/2 - 7*p**3/6 + 5*p**2 + 61*p. Let g = 6 + -13. What is the remainder when 19 is divided by r(g)?
9
Suppose j + 25 = -2*k, 9*j - 5*j = 5*k - 35. Calculate the remainder when 54 is divided by (-1)/(-3 - 42/j).
4
Let o be (-4)/12*-1*3. Let f = 1 + o. Suppose 0 = -5*j + 3*x + 107, -x - 2*x - 50 = -f*j. What is the remainder when j is divided by 5?
4
Let p = -3068 - -5105. Calculate the remainder when p is divided by 40.
37
Suppose -19 = -2*z + 51. Let s = -23 + z. What is the remainder when 30 is divided by s?
6
Let d = 1479 + -1444. What is the remainder when 734 is divided by d?
34
Suppose 8*y = 6*y + 20. Let q = 4 - 2. Suppose -4*j + 5*o + 34 = 0, -2*j - q*o + 0 = -8. What is the remainder when y is divided by j?
4
Let i(f) = f**2 + 8*f - 6. Calculate the remainder when i(5) is divided by 10602/527 - (-2 + 36/17).
19
Let d = 50 + -29. What is the remainder when 49 is divided by -2 + 312/d + 1/7?
10
Let k be ((-4)/6)/(4/30). Let x be (-1)/5 + (-166)/k. Suppose 4*w = 5*f - 55, 0*f - 3*f = -2*w - x. What is the remainder when f is divided by 3?
2
Calculate the remainder when 94 is divided by (4 + (-1)/(-4))/((-8)/(-64)).
26
Calculate the remainder when (6/(-24)*-4 + 1)*181 is divided by 121.
120
Let u = 2 + 1. Let q = 61 - 40. Suppose -u*w + q = -9. Calculate the remainder when 28 is divided by w.
8
Calculate the remainder when 1078 is divided by 2 + -1 + 3 - -36.
38
Suppose -8 = -r + 30. Calculate the remainder when 110 is divided by r.
34
Let z be (-1974)/56 + 3/(-4). Let i = z - -89. Suppose -4*c = -0*c - 56. Calculate the remainder when i is divided by c.
11
Let z = -45 - -21. What is the remainder when 152 is divided by 8/z*(-116 + -1)?
35
Let x(w) = 7*w**2 + 5*w + 4. Let j be x(-1). Let g(q) = -3*q - 3. What is the remainder when g(-2) is divided by j*2/6 + 0?
1
Suppose -7*a = -4*a - 2*i - 139, -2*a + 3*i + 101 = 0. Calculate the remainder when 170 is divided by a.
41
Let g = 18 - -12. Suppose -g = -6*o + 6. What is the remainder when 22 is divided by o?
4
Let y(r) = -3*r - 9. Let h(j) = 2*j + 4. Let q be h(-3). Let l be -4*((-8)/(-2) + q). What is the remainder when 27 is divided by y(l)?
12
Let z(i) = 7*i - 1. Suppose g - 18 = 61. Suppose 2*s = -q + 157, -3*q - 398 + g = -4*s. Calculate the remainder when s is divided by z(4).
25
Suppose -2*z + 664 = 4*q, -2*q + 667 = 2*z + 3*q. Calculate the remainder when z is divided by 90.
56
Let q = 11 + 0. Suppose -2*y + 12 = y. Suppose 3*h + 139 = 4*w, w + 3*w - 104 = -y*h. What is the remainder when w is divided by q?
9
Suppose 0*m + v - 161 = -4*m, 4*m = 2*v + 170. Calculate the remainder when 368 is divided by m.
40
Let v(t) = 3*t + 3. Let l be v(-3). Let n = 31 + l. Let s(k) = k**3 + 5*k**2 - k - 11. What is the remainder when n is divided by s(-4)?
7
Suppose -g = -13*w + 9*w - 17, 17 = g + 5*w. Calculate the remainder when 98 is divided by g.
13
Suppose s - 3*f - 21 = 0, 2*s + 3*f = 7 - 1. What is the remainder when 29 is divided by s?
2
What is the remainder when (1 - (-681)/6)/((-6)/(-12)) is divided by 47?
41
Let a(d) = -2*d**3 + 8*d**2 + d - 2. Let o be a(4). Calculate the remainder when 115*o*-2*(-5)/20 is divided by 30.
25
Let h = 36 + -10. Suppose -10 - h = -3*g. What is the remainder when g is divided by 8?
4
Let m(k) = 59*k + 65. Calculate the remainder when m(7) is divided by 40.
38
Calculate the remainder when (-12)/(-10)*(127 + -12) is divided by 75.
63
Let m be (((-4)/5)/(-2))/(2/380). Let b = 84 - m. What is the remainder when 14 is divided by b?
6
Suppose 2*u + 5*w = -30, -4*u - 3*w = -2*u + 22. Let o = 23 + u. Suppose g - 2*f + 128 = 5*g, 3*f + 6 = 0. Calculate the remainder when g is divided by o.
15
Let o = -1145 - -1206. Calculate the remainder when 270 is divided by o.
26
Let b = 19 - -9. Let c = -10 - -15. Suppose c*j - 25 - 25 = 0. What is the remainder when b is divided by j?
8
Let z be -3*(43/(-3) + 0 + -1). Suppose z = 3*g - c, -2*g - c - 18 = -3*g. Calculate the remainder when 39 is divided by g.
11
Let l = 10 - 0. Suppose l = g - 0. Suppose -q + 3 = -g. Calculate the remainder when 25 is divided by q.
12
Suppose 2*z + 15 = -3*z. Let o = z - -6. Let t(l) = -l**2 - 6*l + 5. Calculate the remainder when t(-5) is divided by o.
1
Let d = -865 + 1081. What is the remainder when d is divided by 37?
31
Calculate the remainder when 1634/4 - (-30)/60 is divided by 41.
40
Suppose 0 = w + 5*y - 37, -2*w + 2*y + 66 = 16. Suppose 2*z = -15 + 45. What is the remainder when w is divided by z?
12
Let w = -10 - -27. Let n(v) = -v**2 + 7*v + 5. What is the remainder when w is divided by n(0)?
2
Let x(g) = 3 + 13*g - g**3 - 20*g + 6*g**2 + 6. Calculate the remainder when 62 is divided by x(4).
10
Suppose 7*p - 2*p + 5*g - 50 = 0, 20 = 4*g. Suppose -2*t = -p*t - 18. Let r = t - -47. Calculate the remainder when r is divided by 21.
20
Suppose 0 = 5*j - 2*j + 9, 52 = 2*x - 4*j. Suppose 41*i = 42*i - x. Calculate the remainder when 99 is divided by i.
19
Let y = -274 - -307. Calculate the remainder when y is divided by 13.
7
Suppose 0 = -5*u - 2*v + 62, -2*u + v = -4*v - 19. What is the remainder when 850 is divided by u?
10
Let h = 1330 + -1238. What is the remainder when 282 is divided by h?
6
Suppose 48*p - 45*p - 33 = 0. Let z(y) = -y + 14. What is the remainder when p is divided by z(8)?
5
Suppose n - 98 = -2*h - n, 0 = -3*h - 5*n + 149. Suppose -2*p + 11 = -5*q, -6*p + p - 4*q + 77 = 0. Calculate the remainder when h is divided by p.
9
Suppose k - 3 = 1. Let f = 83 - 64. Calculate the remainder when f is divided by k.
3
Let i = -1 - -3. Suppose 0 = 3*d - i*f - 37 - 12, 5*f = -3*d + 35. Calculate the remainder when d is divided by 8.
7
Suppose -g + 3 = -2. Let x(j) = 4*j + 7. Suppose 3*o = -s + 75, 0 = -5*s - 2*o - 0*o + 388. What is the remainder when s is divided by x(g)?
24
Let r = -389 - -467. What is the remainder when r is divided by 66?
12
Suppose -5 = g, -b + 3*g = -0*b - 23. Let i = 3 - -3. What is the remainder when i*(0/(-6) - 14/(-6)) is divided by b?
6
Let x(f) = -23*f + 437. Calculate the remainder when x(16) is divided by 8.
5
Let j be 3*4/12*37. Let v = j + 57. Let f(b) = 2*b**2 - 3*b - 3. What is the remainder when v is divided by f(-3)?
22
Suppose 370 = -4*q + 454. Let n(d) = 40*d + 2. Calculate the remainder when n(2) is divided by q.
19
Suppose 4*u + 4*h - 916 = 0, -3*h = 4*u - 774 - 146. What is the remainder when u is divided by 13?
12
Suppose g + 220 = -k + 2*k, -2*k - 3*g + 420 = 0. What is the remainder when k is divided by 19?
7
Let j = -113 - -244. Calculate the remainder when j is divided by (-14)/(-70) + 219/5.
43
Suppose -559 = 3*v - 586. Suppose -a - 1 = -17. What is the remainder when a is divided by v?
7
Let p be 6 - ((-3)/(-9) - (-1)/(-3)). Let a(w) = 8*w + 12. What is the remainder when a(p) is divided by 31?
29
Let t = 1851 + -1035. Calculate the remainder when t is divided by